 thousands digit of 13091248?
1
What is the hundred thousands digit of 341831?
3
What is the thousands digit of 586024?
6
What is the hundred thousands digit of 20701360?
7
What is the ten thousands digit of 1155869?
5
What is the thousands digit of 73808?
3
What is the ten thousands digit of 873715?
7
What is the millions digit of 1233455?
1
What is the tens digit of 2913574?
7
What is the hundred thousands digit of 8606575?
6
What is the ten thousands digit of 13338161?
3
What is the units digit of 22846850?
0
What is the hundreds digit of 3917453?
4
What is the units digit of 1973589?
9
What is the thousands digit of 648969?
8
What is the tens digit of 57916?
1
What is the hundreds digit of 14560442?
4
What is the ten thousands digit of 420095?
2
What is the ten thousands digit of 1047789?
4
What is the millions digit of 7703922?
7
What is the hundreds digit of 11495?
4
What is the thousands digit of 805978?
5
What is the tens digit of 2029552?
5
What is the tens digit of 13405243?
4
What is the hundred thousands digit of 5437706?
4
What is the hundred thousands digit of 216530?
2
What is the tens digit of 30428?
2
What is the hundreds digit of 124964?
9
What is the hundred thousands digit of 1481926?
4
What is the tens digit of 147168?
6
What is the thousands digit of 801984?
1
What is the thousands digit of 2600698?
0
What is the hundreds digit of 7706651?
6
What is the millions digit of 2242704?
2
What is the tens digit of 481321?
2
What is the millions digit of 5056187?
5
What is the thousands digit of 269256?
9
What is the hundreds digit of 1189314?
3
What is the hundreds digit of 34561?
5
What is the tens digit of 71608?
0
What is the hundreds digit of 981060?
0
What is the units digit of 109072?
2
What is the hundreds digit of 4287981?
9
What is the hundreds digit of 9321999?
9
What is the thousands digit of 29404813?
4
What is the units digit of 1286669?
9
What is the tens digit of 348382?
8
What is the millions digit of 5715280?
5
What is the millions digit of 3635259?
3
What is the hundreds digit of 12078408?
4
What is the millions digit of 9084717?
9
What is the units digit of 84949?
9
What is the hundreds digit of 8327342?
3
What is the hundred thousands digit of 148324?
1
What is the ten thousands digit of 1734011?
3
What is the tens digit of 2029407?
0
What is the tens digit of 9739947?
4
What is the millions digit of 1154897?
1
What is the thousands digit of 25904013?
4
What is the ten thousands digit of 1212455?
1
What is the thousands digit of 8773257?
3
What is the tens digit of 14745483?
8
What is the thousands digit of 2359?
2
What is the millions digit of 1568423?
1
What is the thousands digit of 57651?
7
What is the ten thousands digit of 532397?
3
What is the units digit of 315055?
5
What is the hundred thousands digit of 778509?
7
What is the hundreds digit of 70158?
1
What is the millions digit of 2444406?
2
What is the tens digit of 9012400?
0
What is the thousands digit of 505156?
5
What is the units digit of 18417075?
5
What is the ten millions digit of 19798577?
1
What is the ten thousands digit of 500047?
0
What is the thousands digit of 25517673?
7
What is the ten thousands digit of 708952?
0
What is the hundred thousands digit of 3277264?
2
What is the hundred thousands digit of 3631218?
6
What is the hundred thousands digit of 18597431?
5
What is the thousands digit of 110822?
0
What is the millions digit of 17558548?
7
What is the hundreds digit of 462503?
5
What is the hundreds digit of 96871?
8
What is the tens digit of 351016?
1
What is the units digit of 977230?
0
What is the ten thousands digit of 496865?
9
What is the ten thousands digit of 265699?
6
What is the thousands digit of 1336014?
6
What is the tens digit of 779233?
3
What is the millions digit of 12934953?
2
What is the hundreds digit of 1660074?
0
What is the millions digit of 1234647?
1
What is the millions digit of 1321987?
1
What is the thousands digit of 373163?
3
What is the hundreds digit of 1984229?
2
What is the hundreds digit of 73685?
6
What is the hundred thousands digit of 12209189?
2
What is the hundreds digit of 8888937?
9
What is the tens digit of 12931147?
4
What is the units digit of 262330?
0
What is the hundred thousands digit of 339463?
3
What is the units digit of 2286947?
7
What is the hundreds digit of 2518384?
3
What is the thousands digit of 1473465?
3
What is the tens digit of 373099?
9
What is the tens digit of 6445680?
8
What is the units digit of 350350?
0
What is the millions digit of 1289365?
1
What is the hundred thousands digit of 9496498?
4
What is the tens digit of 3590327?
2
What is the thousands digit of 9202289?
2
What is the hundreds digit of 668533?
5
What is the units digit of 5540447?
7
What is the tens digit of 97394?
9
What is the millions digit of 12155392?
2
What is the hundreds digit of 1140663?
6
What is the tens digit of 442773?
7
What is the hundreds digit of 3840196?
1
What is the ten thousands digit of 100487?
0
What is the units digit of 14115805?
5
What is the hundreds digit of 22883986?
9
What is the ten thousands digit of 120501?
2
What is the units digit of 912274?
4
What is the units digit of 3204254?
4
What is the thousands digit of 33238?
3
What is the ten thousands digit of 40172?
4
What is the millions digit of 27906590?
7
What is the thousands digit of 999568?
9
What is the units digit of 970567?
7
What is the ten thousands digit of 163385?
6
What is the ten thousands digit of 375248?
7
What is the hundreds digit of 370448?
4
What is the tens digit of 24050?
5
What is the thousands digit of 1405971?
5
What is the hundred thousands digit of 14169972?
1
What is the ten thousands digit of 91483?
9
What is the hundred thousands digit of 18111607?
1
What is the hundreds digit of 78594?
5
What is the hundred thousands digit of 232995?
2
What is the hundreds digit of 61650?
6
What is the units digit of 31676455?
5
What is the tens digit of 1028010?
1
What is the hundreds digit of 898223?
2
What is the tens digit of 39507?
0
What is the hundred thousands digit of 10858253?
8
What is the ten thousands digit of 3892943?
9
What is the hundreds digit of 4110381?
3
What is the units digit of 398340?
0
What is the ten thousands digit of 216354?
1
What is the hundred thousands digit of 957636?
9
What is the hundred thousands digit of 9792892?
7
What is the ten thousands digit of 453313?
5
What is the ten thousands digit of 74213?
7
What is the thousands digit of 11440844?
0
What is the tens digit of 4003788?
8
What is the hundreds digit of 550303?
3
What is the thousands digit of 2476774?
6
What is the hundreds digit of 605661?
6
What is the tens digit of 377448?
4
What is the hundred thousands digit of 12522384?
5
What is the thousands digit of 13787771?
7
What is the tens digit of 2933978?
7
What is the thousands digit of 32347244?
7
What is the thousands digit of 788180?
8
What is the thousands digit of 423438?
3
What is the tens digit of 13305?
0
What is the hundreds digit of 231737?
7
What is the units digit of 6958036?
6
What is the hundred thousands digit of 10047955?
0
What is the tens digit of 53820?
2
What is the hundreds digit of 9457295?
2
What is the units digit of 13970910?
0
What is the tens digit of 289228?
2
What is the hundreds digit of 3236629?
6
What is the ten thousands digit of 5022541?
2
What is the ten thousands digit of 539883?
3
What is the hundreds digit of 222119?
1
What is the hundreds digit of 2641053?
0
What is the tens digit of 41520?
2
What is the units digit of 915057?
7
What is the tens digit of 8996812?
1
What is the millions digit of 3138054?
3
What is the units digit of 3846135?
5
What is the thousands digit of 13922269?
2
What is the thousands digit of 123935?
3
What is the hundreds digit of 9145764?
7
What is the ten thousands digit of 32101683?
0
What is the units digit of 8504979?
9
What is the units digit of 1223753?
3
What is the ten thousands digit of 3332818?
3
What is the tens digit of 213349?
4
What is the tens digit of 493146?
4
What is the ten thousands digit of 5801230?
0
What is the thousands digit of 3434641?
4
What is the thousands digit of 1257619?
7
What is the ten thousands digit of 1930554?
3
What is the units digit of 2709492?
2
W